{"id":14,"date":"2023-10-21T09:55:07","date_gmt":"2023-10-21T14:55:07","guid":{"rendered":"https:\/\/tierrafertil.com.co\/?page_id=14"},"modified":"2023-10-24T17:27:21","modified_gmt":"2023-10-24T22:27:21","slug":"vision","status":"publish","type":"page","link":"https:\/\/tierrafertil.com.co\/?page_id=14","title":{"rendered":"VISION"},"content":{"rendered":"\n<p>Para el a\u00f1o 2025 Distribuciones Tierra F\u00e9rtil S.A.S ser\u00e1 reconocida como la empresa l\u00edder en la comercializaci\u00f3n de Fertilizantes, agroqu\u00edmicos y productos veterinarios, logrando crecimientos rentables y sostenibles, generando mejoras continuas que permitan cuidar el medio ambiente y obtener alianzas que garanticen a nuestros clientes mejores servicios y altos est\u00e1ndares de calidad de nuestros productos.<\/p>\n","protected":false},"excerpt":{"rendered":"<p>Para el a\u00f1o 2025 Distribuciones Tierra F\u00e9rtil S.A.S ser\u00e1 reconocida como la empresa l\u00edder en la comercializaci\u00f3n de Fertilizantes, agroqu\u00edmicos y productos veterinarios, logrando crecimientos rentables y sostenibles, generando mejoras continuas que permitan cuidar el medio ambiente y obtener alianzas que garanticen a nuestros clientes mejores servicios y altos est\u00e1ndares de calidad de nuestros productos.<\/p>\n","protected":false},"author":2,"featured_media":0,"parent":0,"menu_order":0,"comment_status":"closed","ping_status":"closed","template":"","meta":{"footnotes":""},"_links":{"self":[{"href":"https:\/\/tierrafertil.com.co\/index.php?rest_route=\/wp\/v2\/pages\/14"}],"collection":[{"href":"https:\/\/tierrafertil.com.co\/index.php?rest_route=\/wp\/v2\/pages"}],"about":[{"href":"https:\/\/tierrafertil.com.co\/index.php?rest_route=\/wp\/v2\/types\/page"}],"author":[{"embeddable":true,"href":"https:\/\/tierrafertil.com.co\/index.php?rest_route=\/wp\/v2\/users\/2"}],"replies":[{"embeddable":true,"href":"https:\/\/tierrafertil.com.co\/index.php?rest_route=%2Fwp%2Fv2%2Fcomments&post=14"}],"version-history":[{"count":2,"href":"https:\/\/tierrafertil.com.co\/index.php?rest_route=\/wp\/v2\/pages\/14\/revisions"}],"predecessor-version":[{"id":188,"href":"https:\/\/tierrafertil.com.co\/index.php?rest_route=\/wp\/v2\/pages\/14\/revisions\/188"}],"wp:attachment":[{"href":"https:\/\/tierrafertil.com.co\/index.php?rest_route=%2Fwp%2Fv2%2Fmedia&parent=14"}],"curies":[{"name":"wp","href":"https:\/\/api.w.org\/{rel}","templated":true}]}}